e of -11 + (-11 - (0 + (3 - 10)))?
-15
Evaluate 18 - 58 - (3 - (3 - 3) - (-43 + 44)).
-42
Evaluate -928 - -1021 - (127 + 0).
-34
Calculate (-182 + 190 - (2 + -36)) + -22.
20
What is (1 - ((1 - -3) + -2 + -2)) + (-2925 - -2958)?
34
What is 25 - (-38 - (-163 - -87))?
-13
26 + (2 - 4) + (-31 - -9)
2
What is the value of 21 + -167 + -1 + -23 + 63?
-107
Calculate -58 + (-15 - -60 - 17).
-30
-25 - -4 - (-57 - (-15 + 9))
30
Evaluate (-56 - (-36 + -8)) + -17 + (3 - (-2 - -2)).
-26
What is 793 - 841 - (-40 + -7)?
-1
What is -102 - (-200 + 156 - 61)?
3
What is -45 + 14 + 12 - -65?
46
Evaluate (-61 - 13) + 144 + -11.
59
What is the value of 30 - (0 + (10 - 24) + -6 + 22)?
28
Calculate (-11197 - -11157) + (3 - 1 - 5) + -6.
-49
Calculate (-76 - (-149 - -20)) + 39.
92
What is -15 + -1 - (-6 - (-23 - -48) - -37)?
-22
-16 + -2 + 6 + (0 - -27) + 29
44
-35 + (56 - 2) - (15 - -22)
-18
What is -1 + (1 - 14) - ((8 - 72) + -62)?
112
Calculate 24 + (-15 - 6 - -17) + -156 + 18.
-118
Calculate 2 - (-11 + (-5 - -5)) - (440 - 459).
32
-24 + 18 + 41 + -43
-8
What is -10 + -13 + -23 + 29 + 1 + -17?
-33
What is the value of (-41 - (6 + (-4 - 7))) + 0 + -6?
-42
What is the value of 73 - (-26 + 42) - 17?
40
Calculate -63 + (-25 - (-86 - 25)).
23
What is the value of 24 + -65 - 61 - (-22 + 2)?
-82
Calculate -5 - (21 - (5 + 17) - 13).
9
Evaluate (24 - (31 + -50 - -29)) + -80 + (2 - -1).
-63
What is (-87 - 0) + 6 + (6 - -3) + 8?
-64
Evaluate 54 - (-120 - (92 + -298)).
-32
Calculate 83 - 85 - (-4 - (-3 - 5) - (5 - 9)).
-10
What is the value of -80 + (-23 - -29) + 11 + 7?
-56
Evaluate 3 + -4 - ((31 - -8) + -55).
15
Evaluate (18 - (29 + 17 - 8)) + -66.
-86
What is the value of -1 - (1 + 1 + -4 + -1 + -7)?
9
-25 - 1 - (13518 - 13486)
-58
What is -14 - -13 - (-42 + 8 + 7 + -15)?
41
Evaluate 34 + (-3 - -15) - 59.
-13
Calculate (-7 - -2) + 4 + -3 + -54 + 48 - -32.
22
Evaluate (-43 - (80 + -67)) + (-4 - (-2 - -4)).
-62
Calculate 4 + -26 + 21 + -30 + 17.
-14
Evaluate -13 + -1 - (-632 + 615).
3
What is the value of (13 - (-10 - (-40 + 18))) + 19 - 0?
20
Evaluate 31 + -17 - (-22 + (11 - 19) - 17).
61
-20 + (-8 - -6) + -14 + 8 + 7
-21
What is the value of -26 + -6 - (12 - 45 - -25)?
-24
What is -122 + 128 + ((-1 - 7) + 1 - (934 - 990))?
55
Calculate (-115 - (-13 + 8 + -32)) + 1 + 5 + 0.
-72
What is the value of (-4 - -4) + -12 + 16 + -21 + 12 + -43?
-48
Evaluate 42 + (-31 - 13 - -18).
16
Calculate 84 - 68 - (-5 + 29 + -8).
0
-34 - ((7 - 103) + 156)
-94
Evaluate (-108 + 73 - -37) + (-4 - 3) + -75 + 0.
-80
Evaluate -47 + (-3971 - -3969) + (-2 - (3 - 1 - 3)).
-50
What is -45 - ((3 - (-2 + 3)) + -2 - 8)?
-37
58 - (-4 + 27 + (-41 - -18))
58
3689 + -3695 + -42 + (0 - 0)
-48
-2 + -59 - (26 - (12 - -29))
-46
What is the value of -6 + -12 + 28 + -16 + (-6 - -51)?
39
What is -1 + -128 + 60 - -46?
-23
What is -70 + 12 - -19 - -18 - -5?
-16
-33 + 15 + -6 - (310 + -252)
-82
What is the value of (1 - -20) + (-1 - 33 - (4780 - 4685))?
-108
Calculate 32 - 7 - ((36 + -17 - 30) + 17 + 0).
19
What is the value of 4 - ((1 - 2) + -7 + (315 - 315))?
12
-7 + 14 - -6 - 7 - (39 + 35 + 2)
-70
What is the value of (0 + -25 - (-511 - -462)) + (10 - 4)?
30
What is -5 + 11 + (144 - 73) + (-1 + -12 - -4)?
68
-74 + 47 - (5 + -35)
3
What is the value of (-9 - 13) + (90 - 0)?
68
Calculate 131 + 33 + -186 + -101.
-123
3 + (11 - 57 - -10)
-33
What is -15 + -68 - (-40 - (4 + -15))?
-54
Evaluate (-35 - (8 + -23 - 5)) + -36 + 0.
-51
(-52937 - -52928) + 0 + 0 + (-96 - 0)
-105
What is the value of -51 + (40 - 40) + 42?
-9
21 - (-22 - (-69 - -22))
-4
43 + (-45 - 116) + 94
-24
What is the value of 104 - (0 + -19 + (16 - (-27 - -15)))?
95
Calculate 228 - 267 - (1 + -33).
-7
What is 13 - (57 - -25) - 1?
-70
Calculate 1 + (-13 - (4 + -12)) + -25.
-29
Evaluate (129 - 102) + (6 - -15).
48
Calculate 72 - ((-144 - -64) + 157).
-5
What is the value of (12 + (7 + -10 - -1) - 11) + 0 + 54?
53
Calculate (6 + -27 + 14 - -7) + 8.
8
Evaluate -32 - (-19 + (2 - -28) - 24).
-19
What is -10 + -7 - (-6 + (6 - 12) - -7)?
-12
Calculate -24 + 1 + (52 + 49 - 6).
72
Evaluate 4 + (8 - ((9 - 20) + 23 + 27)).
-27
What is -18 + 3 + -7 - (4051 - 4010)?
-63
Evaluate -38 + -61 + (-20 - -25) - -33.
-61
What is the value of (-58 - 0 - 1) + (-179 - -196 - (4 - -5))?
-51
Evaluate 104 + -14 + 9 + (3 + -8 - -10).
104
What is the value of (111 - 46) + -87 + -2 + 37?
13
What is 6 + (2 - 0) - (-36 + 9 + 19)?
16
What is 25 - (-53 + -28 + 52 + 27)?
27
49 - (61 - 12 - 9)
9
(-54 - -5) + (-28 - (11 - 24)) + 11
-53
-15 + -8 - ((-17 - -28) + -55)
21
Evaluate (17 - (2 + 2)) + (-19 - -50).
44
(80 - 65) + (-9 - (-3 + -35))
44
What is (-1 - -1) + -4 + 35662 + -35610?
48
Evaluate -96 + (6 - (55 + -91)).
-54
Calculate -46 + 2 + (-62 - -77) + -33.
-62
What is 90 + 1 + (69 - 30) + -82?
48
What is the value of -129 - -351 - 116 - 242?
-136
What is the value of -1 - -29 - (3472 - 3509)?
65
What is the value of (4 - -13 - (4 - 0 - -2) - 6) + -44?
-39
Evaluate 4 + 6 - (4 - 7 - -83 - -14).
-84
Calculate 3 + (14 + -12 - -1) + (-17 - -28).
17
Calculate (16 - (-21 - -19)) + -34.
-16
What is 0 + -51 - ((-192 - -260) + -94)?
-25
What is 271 + -252 + 6 + -13?
12
Evaluate 1 + 40 + -1 + (-8 - (18 + (14 - 45))).
45
What is 12588 - 12584 - (2 + (-1 - -19))?
-16
Calculate -36 + (21 + (0 - -12) - 72).
-75
What is -15 + -34 + 21 + (21 - 50)?
-57
What is -7 + 1 + (-8 - (20 - 34))?
0
What is 2 + 38 + (-380 - -301)?
-39
What is 47 + -29 + (4 - 8) - 48 - -10?
-24
What is the value of (20 + -27 - -17) + (-16 - 6)?
-12
What is -148 + 153 - (20 - (1 + -2)) - (11 + -2)?
-25
What is the value of (78 - -9) + -558 + 526?
55
Evaluate (-1 - 7) + -849 + 799.
-58
Calculate 48 - (-5 + 14 + 2 + -19 - -6).
50
Calculate -129 + 45 + 3 - -54.
-27
What is 3 + 10 + (26 - (112 - 25))?
-48
Evaluate 54 - (88 - 108) - 32.
42
What is -1674 - -1752 - (0 - -62)?
16
What is the value of (-10 - 9) + 10 + 3 + (0 - -65)?
59
Calculate -6 - (4 + -3 + -34 + 28 + -31) - 3.
27
What is the value of 86 + -53 + 56 + -9?
80
Calculate (-6 - -6 - -47) + -52.
-5
What is the value of (1 - 76) + (1271 - 1261)?
-65
What is the value of -60 + 9 + 8 + (20 + -9 + -3 - 8)?
-43
-54 - ((2 - 4 - -13) + -166 + 158 + 1)
-58
13 + (-6 - (3 - (7 + -25 + -6)))
-20
What is (1 - 2) + (3 + 18 - (25 - (-7 - -134)))?
122
What is the value of 27 + -10 + -15 - (0 + (3 - 0))?
-1
Evaluate -53 - -172 - 82 - (-2 - -19).
20
What is the value of (-6 - -29 - 45) + -1?
-23
What is the value of 4 + -38 + 10 + (30 - 3) - (-1 + -72)?
76
6 - (26 - (-9 - -15)) - 20
-34
What is (-1 - 12) + 55 + -3 + (10 - 1)?
48
Calculate -27 - (-82 + 18 + 79).
-42
Calculate 0 + -18 + 18 - -27.
27
-40 + -10 + 99 + -94 + -6
-51
Calculate 2963 + -2970 - ((4 - 6 - 28) + (-1 - -5)).
19
What is (0 - 0 - (1 - -3) - 5) + (65 - 1)?
55
Calculate 12 + 9 - (-21 - (-130 - (-11 + -12))).
-65
Calculate -30 + 1 - (-1599 + 1617).
-47
Evaluate (1 - 0 - -9) + (55 - 53) + -12.
0
Calculate (-45 - -13) + 36 - (3 + -55).
56
93 + -94 + -5 - (1 + -12 - -1)
4
What is the value of (-5 - (8 + -23)) + -4 - (73 + -1)?
-66
What is the value of (8 - 12) + -9 + 10 + -5 + 5?
-3
(19 - 118 - -113) + 23
37
What is 71 - (51 + -80 - -52)?
48
Evaluate -1 - 9 - ((80 - -99) + -187).
-2
What is the value of (-23 - -107) + -60 + -62?
-38
What is the value of (-60 + 26 - -40 - 53) + -7?
-54
What is the value of -49 + 61 + (-24 - -18 - -30)?
36
What is the value of (44 + -67 - -25) + -16?
-14
Calculate -128 + 65 + (34 - 1).
-30
Calculate -73 + 76 + 41 + -63.
-19
Evaluate 40 + (-39 - (-182 + 96)).
87
Evaluate -99 + 162 + -5 + -128.
-70
What is the value of -6 + 57 + -29 + 27?
49
Calculate -22010 + 21935 + (2 - (-1 + 22)).
-94
Evaluate -77 - (-143 - -47 - -49).
-30
2069 + -2097 - (3 - 59)
28
Evaluate -3 + 23 + (-18 - -4) - 2 - -17.
21
Calculate 7 - (32 + -2 + -23).
0
Calculate 1 + 20 + -495 + 487 + -70 + -2.
-59
Evaluate (-29 - -45 - 11) + (6 - -21 - 8).
24
What is the value of 144 - (-3 + -1 + -7 + (22 - 18) - -16)?
135
Evaluate 2 - 11 - ((-2 - 16 - -2) + 4 + -2).
5
What is the value of (-11 + 2 - ((130 - 65) + -69)) + -8 + -1?
-14
(-92 - 22 - -79) + (2 - (1 - 1)) + 6
-27
Evaluate 21 + -19 + (0 - 4) + -2.
-4
Calculate -21 - (1 - (19 + -14) - 26).
9
Calculate -6 + (-8 + 2 + -5 - (24 - -7)).
-48
Calculate -19 - 37 - (-38 - 11).
-7
Calculate -1